x, 3*v - 8178623 = 5*x + 2110502. Is v composite?
True
Let i = 416343 - 134290. Is i a composite number?
False
Let q(f) = -1. Let m(i) = -20*i - 56. Let j(x) = m(x) + q(x). Is j(-32) a composite number?
True
Is (-707)/404 - (-168438)/8 a prime number?
False
Let b(n) = -273*n**3 - 7*n**2 + 60*n + 401. Is b(-6) a prime number?
True
Suppose 0 = -5*g - 53 + 173. Let c = g - 56. Let t = c + 39. Is t a composite number?
False
Suppose -3*t - 8*t + 411449 = -720638. Is t a prime number?
False
Suppose 2*v = -2*o + 430504, -46*v + o + 861003 = -42*v. Is v composite?
True
Suppose 174*b - 42*b = 46072356. Is b composite?
True
Let o = 57645 - -26812. Is o a composite number?
False
Let u(x) = -1154*x. Let b be u(1). Suppose 7339 + 17894 = -13*w. Let o = b - w. Is o prime?
True
Suppose 66*u + 20477 = 67*u. Is u a composite number?
False
Let q(r) = -110*r**2 + 6. Let j be q(-7). Let u be j/(-2)*(1 + (-15)/(-20)). Suppose -u = 8*v - 15*v. Is v a prime number?
True
Let a(b) = -5284*b - 44. Let o be a(-2). Is -6 + o + 7 - -6 prime?
True
Suppose 3*i - 22*q = -20*q + 421053, -140351 = -i + 2*q. Is i a prime number?
True
Suppose 1020*f = 1025*f + 335. Is f*164/(-12)*3 a prime number?
False
Let i = 12 - 10. Let f be 10/i - (-28592 + -5). Suppose 3*l = -15*l + f. Is l composite?
True
Suppose 3*z = 4*g - 158087, 4*z = 1478*g - 1483*g + 197601. Is g prime?
True
Suppose 0 = -0*d - 72*d + 288. Let f(v) = -v**2 + v. Let l be f(0). Suppose 4*b = d*q - 76, l = -0*q - q - 4*b + 29. Is q prime?
False
Let f(i) = 7*i + 3232. Let t be f(0). Suppose 8699 = 3*v - 2*z, v = 3*z + t - 330. Is v a composite number?
True
Let m = -45 + 46. Is m + -54*(-9)/1 a composite number?
False
Suppose 3*b - h + 2*h - 5 = 0, 3*h = -4*b. Suppose -y - 5*i = -1818, 4178 = b*y + 5*i - 1286. Is y composite?
False
Is (-60)/(-75) - (-1476364)/30*39/26 prime?
True
Suppose -5*h - 330770 = -5*t, 3*t - 198437 = 17*h - 19*h. Is t prime?
False
Let a = -88 - -97. Let s be 2/(-4) - -10*a/12. Suppose -4*w = 16, f - 2*w - 122 = -s*w. Is f composite?
True
Suppose -26*y + 423574 + 1328841 = -639013. Is y prime?
False
Suppose -45 = 3*c + 3*y - 9, 3*c - 2*y + 26 = 0. Let i be -2*3/(-6)*-15. Is (2564/6)/(c/i) composite?
False
Let q(w) = 1470*w**2 + 2*w + 1. Let n be q(-2). Suppose 0 = 3*f - 18621 - n. Is (4/(-8))/((-3)/f) a composite number?
False
Suppose -5*x - 42 = -62. Suppose b = x*m + 3*b + 4606, 5*m + 5759 = -4*b. Let w = m + 3512. Is w a prime number?
False
Let w(s) = 8391*s**2 - 231*s + 937. Is w(4) prime?
True
Suppose -q = -7 + 7. Let x be q*2/2*1 - -3. Suppose n + t = 638, -n - x*t + 85 = -559. Is n prime?
False
Suppose -5 = -l - 0. Suppose 0*d + 10156 = 4*h + l*d, 2*d = 0. Let k = h + -1742. Is k composite?
False
Suppose 25738 = 11*a + 9722. Suppose 2*c = 18*c - a. Is c a composite number?
True
Suppose -6*v - 72 = 6. Let h = 11 + v. Let q(j) = -182*j**3 - 2*j + 5. Is q(h) a composite number?
True
Let s(w) be the second derivative of w**5/60 + 7*w**4/8 - 17*w**3/2 + 25*w**2/2 - 8*w. Let u(z) be the first derivative of s(z). Is u(-27) composite?
True
Let f be (1 - (-28707)/35)/((-1)/5). Let r = f + 6093. Is r a composite number?
False
Let h = 114240 + -81377. Is h a prime number?
False
Suppose -23*d + 6855 - 27256 = 0. Let q = d + 1558. Is q prime?
False
Suppose 5*j - 14*v + 19*v - 72420 = 0, 2*v = 5*j - 72413. Is j a composite number?
True
Is (-1685544)/(-44) - 9 - 4/(-22) a composite number?
False
Suppose -92*o + 607948 = 3*b - 87*o, 2*b - 405304 = 2*o. Is b prime?
False
Suppose 0 = h - 3 + 5, -3*p + 5*h - 158 = 0. Suppose 0*b - 2*k + 1692 = 4*b, 3*k = -5*b + 2115. Let w = b - p. Is w a prime number?
True
Let k = -27242 + 56905. Is k a composite number?
False
Let f(t) = 7352*t**3 - 2*t**2 + 4*t - 3. Is f(1) prime?
True
Let q(o) = -2*o**2 + 1. Let z(p) = 828*p**2 + 2*p - 13. Let j(n) = 2*q(n) + z(n). Is j(3) composite?
False
Let r(x) = 4*x - 31. Let z be r(8). Let d be (-36)/(-8)*(347 + z). Suppose -2689 = -5*f + d. Is f a prime number?
False
Let y be 12/(-2) + 6 - -58. Suppose -3212 = y*t - 62*t. Is t prime?
False
Let t be (0 - 5)*-3*(-3)/(-9). Suppose 5*s + 2*b + 2*b = 112, -124 = -t*s + 2*b. Is 2098/(-5)*(-60)/s composite?
False
Suppose 0 = -13*b - 10041 + 2995. Let l = 751 + b. Is l a composite number?
True
Suppose -10 = -o + 5*g - 2, 4*g = 4*o - 16. Suppose 3*m = -5*c - 674 + 3427, -2*m = -o*c + 1667. Is c prime?
False
Let b = -293647 + 459014. Is b a composite number?
False
Let k be 22/132 - (-1)/(-6). Let i be 3 + 0 + 0 + (k - -1). Suppose -3*q - 3*w = -13605, i*q - w - 18140 = -2*w. Is q a composite number?
True
Let j(a) = -a**3 - 58*a**2 - 94*a + 227. Is j(-62) a composite number?
True
Let r(g) = 69*g + 272. Let n be r(-4). Is (182540/(-20))/(2 + 1 + n) prime?
True
Let o = -5879 + 14337. Is o prime?
False
Suppose -5*i = -4*t, 2*i + 3*i = -3*t. Suppose i = -14*m + 8*m + 61494. Is m a prime number?
False
Suppose 2*v + o + 23 = -0*v, 0 = 3*o + 15. Let c be -6 - v - (2 - 0). Is (-1 - 2 - c) + 101 a composite number?
False
Is (14 + -11 + -7)*(-375833)/4 a composite number?
False
Suppose 0 = -11*n - 32*n + 3093119. Is n prime?
True
Let m(s) = 2*s - 19. Let k be m(5). Let t = k - -27. Suppose -211 = -19*l + t*l. Is l composite?
False
Suppose 1769120 = -172*h + 190*h - 414226. Is h a prime number?
False
Suppose 2*f - 1366925 = -3*v, 0 = -5*f + 3*v - 126913 + 3544173. Is f a prime number?
False
Let y be (3 + 65/(-20))*-4. Let w be 55245/10*((-37)/(-3) - y). Suppose 7*n - w = -10*n. Is n composite?
True
Suppose 169*o - 650307 = -3*y + 165*o, 4*y - 4*o = 867104. Is y prime?
False
Let y be (-2)/(47036/(-402985) + (-2)/(-17)). Let m = y - -5874. Is m a composite number?
False
Suppose 86*l - 35*l + 1877109 = 7032954. Is l prime?
False
Let w(m) = -17 - 4*m**2 + 13 + 2*m**2 + 12 - 7*m. Let n be w(-4). Suppose -2521 = -3*g + 2*z, 4*g - n*z = -2184 + 5548. Is g a composite number?
False
Let v(x) be the third derivative of x**5/60 + 3*x**4/8 + 2*x**3 + 25*x**2. Let d be v(-9). Is 3*4748/d + 0 a prime number?
True
Let x = 713141 + -393792. Is x a prime number?
False
Let g(b) = -9955*b**2 - 9*b + 14. Let f(v) = -4977*v**2 - 5*v + 7. Let l(n) = -9*f(n) + 4*g(n). Is l(3) a prime number?
True
Let w be ((-13)/(-91))/(1/7). Let g(o) = 8960*o + 17. Is g(w) composite?
True
Is (8357980/(-12))/((-80)/48) composite?
False
Let u(o) = -o**2 + 6*o - 4. Let j be u(7). Let v = j + 9. Is 1437 - (v/(6/9) + 1) composite?
False
Let v(g) = -517*g - 49. Let k(h) = -516*h - 48. Let w(u) = -6*k(u) + 5*v(u). Is w(6) composite?
False
Suppose 3*u - 2*z = -4, -2*u + 5*z - 1 = u. Let j be 8/4 - (u*361)/2. Suppose -2*s + 1145 = j. Is s prime?
False
Let y be (-2)/(-11) + 2775/165. Suppose -3*d - 10 = -5*r + 3, 2*d - 5*r = -y. Suppose 43 = v - d*j - 376, 4*j = -v + 435. Is v a prime number?
False
Let p(m) = 226521*m + 1896. Is p(3) composite?
True
Let t(i) = -2771*i - 166. Is t(-3) a composite number?
False
Let j(i) = 33*i**2 - 40*i - 3. Let v = -418 - -430. Is j(v) a prime number?
False
Let g(m) = -6297*m + 1778. Is g(-65) a prime number?
True
Let y(t) = 636*t**2 + 51*t - 328. Is y(11) a composite number?
True
Let w = -3275 - -23840. Suppose 0 = 15*x - 10*x - 5*p - w, 0 = -3*x + p + 12335. Is x a prime number?
True
Suppose -r - 3 + 5 = 0. Suppose -5447 = -4*z + y, -r*z + 0*y + 2719 = y. Is z composite?
False
Suppose 8*w + 12032 = 4184. Let q = -666 - w. Suppose 5*p + 2*z - 256 - 1337 = 0, q = p + 4*z. Is p a prime number?
False
Suppose -782819 = -0*f - 5*f + 33626. Is f a composite number?
True
Let l(b) = 16*b**3 - 265*b**2 + 8*b - 76. Is l(27) a composite number?
False
Let n(j) = -6*j**3 - 49*j**2 + 16*j - 58. Is n(-21) a prime number?
True
Suppose 6945*w - 6955*w = -870830. Is w prime?
True
Let q be -6*(3 + 0)/3. Let n be 74 + (q/2 - -3). Let p = n + 161. Is p a prime number?
False
Let m = 22 - 14. Let x(y) = -314*y**3 + 3*y**2 - 9*y - 24. Let o be x(-2). Suppose -6*z - o = -m*z. Is z prime?
True
Suppose 0 = 3*d - 2*z - 820775, -d + 401556 = 3*z + 127957. Is d composite?
True
Suppose 2*n - 5 + 9 = 0, -n = 4*w - 253942. Suppose 7510 = -8*r + w. Is r a composite number?
False
Suppose 6 = 2*b, -32*q + 2*b + 10353 = -29*q. Is q/2*(64/12)/8 a prime number?
True
Suppose 0 = -5*k + 20, 2*k = -3*g - 2*g + 83. Is 107907/g + (-48)/60 composite?
False
Let